{"id":238276,"date":"2019-02-16T16:33:46","date_gmt":"2019-02-16T16:33:46","guid":{"rendered":"http:\/\/carstenmaertin.de\/?page_id=238276"},"modified":"2019-02-26T13:38:22","modified_gmt":"2019-02-26T13:38:22","slug":"ueber-carsten","status":"publish","type":"page","link":"https:\/\/carstenmaertin.de\/?page_id=238276","title":{"rendered":"\u2026 \u00fcber Carsten"},"content":{"rendered":"<p>[et_pb_section fb_built=&#8220;1&#8243; _builder_version=&#8220;3.19.3&#8243;][et_pb_row _builder_version=&#8220;3.19.3&#8243; custom_padding=&#8220;20.1833px|0px|100px|0px|false|false&#8220;][et_pb_column type=&#8220;1_2&#8243; _builder_version=&#8220;3.19.3&#8243; parallax=&#8220;off&#8220; parallax_method=&#8220;on&#8220;][et_pb_image src=&#8220;http:\/\/carstenmaertin.de\/wp-content\/uploads\/2019\/02\/Nachtarbeit.jpg&#8220; _builder_version=&#8220;3.19.3&#8243;][\/et_pb_image][\/et_pb_column][et_pb_column type=&#8220;1_2&#8243; _builder_version=&#8220;3.19.3&#8243; parallax=&#8220;off&#8220; parallax_method=&#8220;on&#8220;][et_pb_text _builder_version=&#8220;3.19.3&#8243; text_font=&#8220;||||||||&#8220;]<\/p>\n<p><strong>Carsten M\u00e4rtin<\/strong>,<br \/> geboren 1961 in Delmenhorst.<br \/> Grafik-Studium an der Hamburger Fachhochschule f\u00fcr Gestaltung.<br \/> Seit 1996 freiberuflich als Buchillustrator vor allem f\u00fcr Kinder- und Schulb\u00fccher t\u00e4tig.<br \/> Lebt in Oldenburg i.O.<\/p>\n<p><strong>Ver\u00f6ffentlichungen (Auswahl):<br \/><\/strong>\u201eDie Fliege\u201c; Lappan, 1997<br \/> \u201eMeine Brille kann zaubern\u201c (Text: Britta Schwarz); Lappan, 2015<br \/> \u201eDie Geschichte vom Hasen\u201c (Text: Kurt Schwitters); Lappan, 2001 und 2008<br \/> \u201eLea ist Malerin\u201c (Text: Marion Molitor), Lappan, 2004<br \/> \u201eIm Eigelb steckt der Igel\u201c (Text: Karlhans Frank), Boje, 2008<\/p>\n<p>Seit 1998 Illustrationen f\u00fcr eine Vielzahl von Schulbuchreihen des Cornelsen Verlages (\u201eDoppel-Klick\u201c, \u201eKlick!\u201c, \u201eEntdecken und Verstehen\u201c, \u201eMenschen Zeiten R\u00e4ume\u201c, \u201eEinfach lesen\u201c u. a.)<\/p>\n<p>[\/et_pb_text][\/et_pb_column][\/et_pb_row][\/et_pb_section]<\/p>\n","protected":false},"excerpt":{"rendered":"<p>Carsten M\u00e4rtin, geboren 1961 in Delmenhorst. Grafik-Studium an der Hamburger Fachhochschule f\u00fcr Gestaltung. Seit 1996 freiberuflich als Buchillustrator vor allem f\u00fcr Kinder- und Schulb\u00fccher t\u00e4tig. Lebt in Oldenburg i.O. Ver\u00f6ffentlichungen (Auswahl):\u201eDie Fliege\u201c; Lappan, 1997 \u201eMeine Brille kann zaubern\u201c (Text: Britta Schwarz); Lappan, 2015 \u201eDie Geschichte vom Hasen\u201c (Text: Kurt Schwitters); Lappan, 2001 und 2008 \u201eLea [&hellip;]<\/p>\n","protected":false},"author":1,"featured_media":0,"parent":0,"menu_order":0,"comment_status":"closed","ping_status":"closed","template":"","meta":{"_et_pb_use_builder":"on","_et_pb_old_content":"","_et_gb_content_width":""},"_links":{"self":[{"href":"https:\/\/carstenmaertin.de\/index.php?rest_route=\/wp\/v2\/pages\/238276"}],"collection":[{"href":"https:\/\/carstenmaertin.de\/index.php?rest_route=\/wp\/v2\/pages"}],"about":[{"href":"https:\/\/carstenmaertin.de\/index.php?rest_route=\/wp\/v2\/types\/page"}],"author":[{"embeddable":true,"href":"https:\/\/carstenmaertin.de\/index.php?rest_route=\/wp\/v2\/users\/1"}],"replies":[{"embeddable":true,"href":"https:\/\/carstenmaertin.de\/index.php?rest_route=%2Fwp%2Fv2%2Fcomments&post=238276"}],"version-history":[{"count":7,"href":"https:\/\/carstenmaertin.de\/index.php?rest_route=\/wp\/v2\/pages\/238276\/revisions"}],"predecessor-version":[{"id":238505,"href":"https:\/\/carstenmaertin.de\/index.php?rest_route=\/wp\/v2\/pages\/238276\/revisions\/238505"}],"wp:attachment":[{"href":"https:\/\/carstenmaertin.de\/index.php?rest_route=%2Fwp%2Fv2%2Fmedia&parent=238276"}],"curies":[{"name":"wp","href":"https:\/\/api.w.org\/{rel}","templated":true}]}}